{"id":9758,"date":"2019-03-20T11:33:15","date_gmt":"2019-03-20T10:33:15","guid":{"rendered":"https:\/\/www.journal.topaze.com\/orthoptiste\/?page_id=9758"},"modified":"2025-03-27T11:03:16","modified_gmt":"2025-03-27T10:03:16","slug":"contacts","status":"publish","type":"page","link":"https:\/\/www.journal.topaze.com\/orthoptiste\/contacts\/","title":{"rendered":"Contacts"},"content":{"rendered":"<p><img loading=\"lazy\" decoding=\"async\" src=\"https:\/\/www.journal.topaze.com\/orthoptiste\/wp-content\/uploads\/sites\/13\/2019\/03\/bandeau_contact-1-1024x214.jpg\" sizes=\"auto, (max-width: 1024px) 100vw, 1024px\" srcset=\"https:\/\/www.journal.topaze.com\/orthoptiste\/wp-content\/uploads\/sites\/13\/2019\/03\/bandeau_contact-1-1024x214.jpg 1024w, https:\/\/www.journal.topaze.com\/orthoptiste\/wp-content\/uploads\/sites\/13\/2019\/03\/bandeau_contact-1-300x63.jpg 300w, https:\/\/www.journal.topaze.com\/orthoptiste\/wp-content\/uploads\/sites\/13\/2019\/03\/bandeau_contact-1-768x161.jpg 768w, https:\/\/www.journal.topaze.com\/orthoptiste\/wp-content\/uploads\/sites\/13\/2019\/03\/bandeau_contact-1.jpg 1928w\" alt=\"\" width=\"1024\" height=\"214\" \/><\/p>\n<h5>Des renseignements sur votre contrat, votre facture, un SAV lecteur :<\/h5>\n<p>04 92 914 <b>917<\/b><br \/>\n&#8211;<br \/>\n<a href=\"mailto:administratif@topaze.com\">administratif@topaze.com<\/a><\/p>\n<h5>Des renseignements sur la formation, prendre un rendez-vous :<\/h5>\n<p>04 92 914 <b>914<\/b><br \/>\n&#8211;<br \/>\nuniquement par t\u00e9l\u00e9phone<\/p>\n<h5>Des renseignements pour faire \u00e9voluer votre logiciel ou votre mat\u00e9riel:<\/h5>\n<p>04 92 914 <b>914<\/b><br \/>\n&#8211;<br \/>\n<a href=\"mailto:conseil@topaze.com\">conseil@topaze.com<\/a><\/p>\n<h5>Des questions concernant votre logiciel, une demande technique :<\/h5>\n<p>04 92 914 <b>924<\/b><br \/>\n&#8211;<br \/>\n<a href=\"https:\/\/www.topaze.com\/contact-support-technique-maestro\/\">Envoyer un message<\/a><\/p>\n","protected":false},"excerpt":{"rendered":"<p>Des renseignements sur votre contrat, votre facture, un SAV lecteur : 04 92 914 917 &#8211; administratif@topaze.com Des renseignements sur la formation, prendre un rendez-vous : 04 92 914 914 &#8211; uniquement par t\u00e9l\u00e9phone Des renseignements pour faire \u00e9voluer votre logiciel ou votre mat\u00e9riel: 04 92 914 914 &#8211; conseil@topaze.com Des questions concernant votre logiciel, [&hellip;]<\/p>\n","protected":false},"author":9,"featured_media":0,"parent":0,"menu_order":0,"comment_status":"closed","ping_status":"closed","template":"","meta":{"_exactmetrics_skip_tracking":false,"_exactmetrics_sitenote_active":false,"_exactmetrics_sitenote_note":"","_exactmetrics_sitenote_category":0,"footnotes":""},"class_list":["post-9758","page","type-page","status-publish","hentry"],"yoast_head":"<!-- This site is optimized with the Yoast SEO plugin v24.1 - https:\/\/yoast.com\/wordpress\/plugins\/seo\/ -->\n<title>Contacts - Orthoptiste<\/title>\n<meta name=\"robots\" content=\"noindex, follow, max-snippet:-1, max-image-preview:large, max-video-preview:-1\" \/>\n<meta property=\"og:locale\" content=\"fr_FR\" \/>\n<meta property=\"og:type\" content=\"article\" \/>\n<meta property=\"og:title\" content=\"Contacts - Orthoptiste\" \/>\n<meta property=\"og:description\" content=\"Des renseignements sur votre contrat, votre facture, un SAV lecteur : 04 92 914 917 &#8211; administratif@topaze.com Des renseignements sur la formation, prendre un rendez-vous : 04 92 914 914 &#8211; uniquement par t\u00e9l\u00e9phone Des renseignements pour faire \u00e9voluer votre logiciel ou votre mat\u00e9riel: 04 92 914 914 &#8211; conseil@topaze.com Des questions concernant votre logiciel, [&hellip;]\" \/>\n<meta property=\"og:url\" content=\"https:\/\/www.journal.topaze.com\/orthoptiste\/contacts\/\" \/>\n<meta property=\"og:site_name\" content=\"Orthoptiste\" \/>\n<meta property=\"article:modified_time\" content=\"2025-03-27T10:03:16+00:00\" \/>\n<meta property=\"og:image\" content=\"https:\/\/www.journal.topaze.com\/orthoptiste\/wp-content\/uploads\/sites\/13\/2019\/03\/bandeau_contact-1-1024x214.jpg\" \/>\n<meta name=\"twitter:card\" content=\"summary_large_image\" \/>\n<meta name=\"twitter:label1\" content=\"Dur\u00e9e de lecture estim\u00e9e\" \/>\n\t<meta name=\"twitter:data1\" content=\"1 minute\" \/>\n<script type=\"application\/ld+json\" class=\"yoast-schema-graph\">{\"@context\":\"https:\/\/schema.org\",\"@graph\":[{\"@type\":\"WebPage\",\"@id\":\"https:\/\/www.journal.topaze.com\/orthoptiste\/contacts\/\",\"url\":\"https:\/\/www.journal.topaze.com\/orthoptiste\/contacts\/\",\"name\":\"Contacts - Orthoptiste\",\"isPartOf\":{\"@id\":\"https:\/\/www.journal.topaze.com\/orthoptiste\/#website\"},\"primaryImageOfPage\":{\"@id\":\"https:\/\/www.journal.topaze.com\/orthoptiste\/contacts\/#primaryimage\"},\"image\":{\"@id\":\"https:\/\/www.journal.topaze.com\/orthoptiste\/contacts\/#primaryimage\"},\"thumbnailUrl\":\"https:\/\/www.journal.topaze.com\/orthoptiste\/wp-content\/uploads\/sites\/13\/2019\/03\/bandeau_contact-1-1024x214.jpg\",\"datePublished\":\"2019-03-20T10:33:15+00:00\",\"dateModified\":\"2025-03-27T10:03:16+00:00\",\"breadcrumb\":{\"@id\":\"https:\/\/www.journal.topaze.com\/orthoptiste\/contacts\/#breadcrumb\"},\"inLanguage\":\"fr-FR\",\"potentialAction\":[{\"@type\":\"ReadAction\",\"target\":[\"https:\/\/www.journal.topaze.com\/orthoptiste\/contacts\/\"]}]},{\"@type\":\"ImageObject\",\"inLanguage\":\"fr-FR\",\"@id\":\"https:\/\/www.journal.topaze.com\/orthoptiste\/contacts\/#primaryimage\",\"url\":\"https:\/\/www.journal.topaze.com\/orthoptiste\/wp-content\/uploads\/sites\/13\/2019\/03\/bandeau_contact-1.jpg\",\"contentUrl\":\"https:\/\/www.journal.topaze.com\/orthoptiste\/wp-content\/uploads\/sites\/13\/2019\/03\/bandeau_contact-1.jpg\",\"width\":1928,\"height\":403},{\"@type\":\"BreadcrumbList\",\"@id\":\"https:\/\/www.journal.topaze.com\/orthoptiste\/contacts\/#breadcrumb\",\"itemListElement\":[{\"@type\":\"ListItem\",\"position\":1,\"name\":\"Accueil\",\"item\":\"https:\/\/www.journal.topaze.com\/orthoptiste\/\"},{\"@type\":\"ListItem\",\"position\":2,\"name\":\"Contacts\"}]},{\"@type\":\"WebSite\",\"@id\":\"https:\/\/www.journal.topaze.com\/orthoptiste\/#website\",\"url\":\"https:\/\/www.journal.topaze.com\/orthoptiste\/\",\"name\":\"Orthoptiste\",\"description\":\"\",\"potentialAction\":[{\"@type\":\"SearchAction\",\"target\":{\"@type\":\"EntryPoint\",\"urlTemplate\":\"https:\/\/www.journal.topaze.com\/orthoptiste\/?s={search_term_string}\"},\"query-input\":{\"@type\":\"PropertyValueSpecification\",\"valueRequired\":true,\"valueName\":\"search_term_string\"}}],\"inLanguage\":\"fr-FR\"}]}<\/script>\n<!-- \/ Yoast SEO plugin. -->","yoast_head_json":{"title":"Contacts - Orthoptiste","robots":{"index":"noindex","follow":"follow","max-snippet":"max-snippet:-1","max-image-preview":"max-image-preview:large","max-video-preview":"max-video-preview:-1"},"og_locale":"fr_FR","og_type":"article","og_title":"Contacts - Orthoptiste","og_description":"Des renseignements sur votre contrat, votre facture, un SAV lecteur : 04 92 914 917 &#8211; administratif@topaze.com Des renseignements sur la formation, prendre un rendez-vous : 04 92 914 914 &#8211; uniquement par t\u00e9l\u00e9phone Des renseignements pour faire \u00e9voluer votre logiciel ou votre mat\u00e9riel: 04 92 914 914 &#8211; conseil@topaze.com Des questions concernant votre logiciel, [&hellip;]","og_url":"https:\/\/www.journal.topaze.com\/orthoptiste\/contacts\/","og_site_name":"Orthoptiste","article_modified_time":"2025-03-27T10:03:16+00:00","og_image":[{"url":"https:\/\/www.journal.topaze.com\/orthoptiste\/wp-content\/uploads\/sites\/13\/2019\/03\/bandeau_contact-1-1024x214.jpg","type":"","width":"","height":""}],"twitter_card":"summary_large_image","twitter_misc":{"Dur\u00e9e de lecture estim\u00e9e":"1 minute"},"schema":{"@context":"https:\/\/schema.org","@graph":[{"@type":"WebPage","@id":"https:\/\/www.journal.topaze.com\/orthoptiste\/contacts\/","url":"https:\/\/www.journal.topaze.com\/orthoptiste\/contacts\/","name":"Contacts - Orthoptiste","isPartOf":{"@id":"https:\/\/www.journal.topaze.com\/orthoptiste\/#website"},"primaryImageOfPage":{"@id":"https:\/\/www.journal.topaze.com\/orthoptiste\/contacts\/#primaryimage"},"image":{"@id":"https:\/\/www.journal.topaze.com\/orthoptiste\/contacts\/#primaryimage"},"thumbnailUrl":"https:\/\/www.journal.topaze.com\/orthoptiste\/wp-content\/uploads\/sites\/13\/2019\/03\/bandeau_contact-1-1024x214.jpg","datePublished":"2019-03-20T10:33:15+00:00","dateModified":"2025-03-27T10:03:16+00:00","breadcrumb":{"@id":"https:\/\/www.journal.topaze.com\/orthoptiste\/contacts\/#breadcrumb"},"inLanguage":"fr-FR","potentialAction":[{"@type":"ReadAction","target":["https:\/\/www.journal.topaze.com\/orthoptiste\/contacts\/"]}]},{"@type":"ImageObject","inLanguage":"fr-FR","@id":"https:\/\/www.journal.topaze.com\/orthoptiste\/contacts\/#primaryimage","url":"https:\/\/www.journal.topaze.com\/orthoptiste\/wp-content\/uploads\/sites\/13\/2019\/03\/bandeau_contact-1.jpg","contentUrl":"https:\/\/www.journal.topaze.com\/orthoptiste\/wp-content\/uploads\/sites\/13\/2019\/03\/bandeau_contact-1.jpg","width":1928,"height":403},{"@type":"BreadcrumbList","@id":"https:\/\/www.journal.topaze.com\/orthoptiste\/contacts\/#breadcrumb","itemListElement":[{"@type":"ListItem","position":1,"name":"Accueil","item":"https:\/\/www.journal.topaze.com\/orthoptiste\/"},{"@type":"ListItem","position":2,"name":"Contacts"}]},{"@type":"WebSite","@id":"https:\/\/www.journal.topaze.com\/orthoptiste\/#website","url":"https:\/\/www.journal.topaze.com\/orthoptiste\/","name":"Orthoptiste","description":"","potentialAction":[{"@type":"SearchAction","target":{"@type":"EntryPoint","urlTemplate":"https:\/\/www.journal.topaze.com\/orthoptiste\/?s={search_term_string}"},"query-input":{"@type":"PropertyValueSpecification","valueRequired":true,"valueName":"search_term_string"}}],"inLanguage":"fr-FR"}]}},"_links":{"self":[{"href":"https:\/\/www.journal.topaze.com\/orthoptiste\/wp-json\/wp\/v2\/pages\/9758","targetHints":{"allow":["GET"]}}],"collection":[{"href":"https:\/\/www.journal.topaze.com\/orthoptiste\/wp-json\/wp\/v2\/pages"}],"about":[{"href":"https:\/\/www.journal.topaze.com\/orthoptiste\/wp-json\/wp\/v2\/types\/page"}],"author":[{"embeddable":true,"href":"https:\/\/www.journal.topaze.com\/orthoptiste\/wp-json\/wp\/v2\/users\/9"}],"replies":[{"embeddable":true,"href":"https:\/\/www.journal.topaze.com\/orthoptiste\/wp-json\/wp\/v2\/comments?post=9758"}],"version-history":[{"count":13,"href":"https:\/\/www.journal.topaze.com\/orthoptiste\/wp-json\/wp\/v2\/pages\/9758\/revisions"}],"predecessor-version":[{"id":11074,"href":"https:\/\/www.journal.topaze.com\/orthoptiste\/wp-json\/wp\/v2\/pages\/9758\/revisions\/11074"}],"wp:attachment":[{"href":"https:\/\/www.journal.topaze.com\/orthoptiste\/wp-json\/wp\/v2\/media?parent=9758"}],"curies":[{"name":"wp","href":"https:\/\/api.w.org\/{rel}","templated":true}]}}